ime factors of 4291265570.
2, 5, 967, 443771
What are the prime factors of 487240404?
2, 3, 7, 5800481
List the prime factors of 75678161.
13, 31, 187787
List the prime factors of 94752559.
11, 257, 277
What are the prime factors of 1754562926?
2, 877281463
List the prime factors of 96469880.
2, 5, 13, 185519
What are the prime factors of 447331106?
2, 223665553
List the prime factors of 483205619.
13, 37169663
What are the prime factors of 4204966010?
2, 5, 7, 37, 1623539
List the prime factors of 32464473.
3, 10821491
List the prime factors of 247543694.
2, 67, 1847341
What are the prime factors of 1492838673?
3, 497612891
What are the prime factors of 61107325?
5, 19, 103, 1249
List the prime factors of 1643653742.
2, 59, 263, 52963
What are the prime factors of 42388967?
487, 87041
What are the prime factors of 44644035?
3, 5, 23, 129403
What are the prime factors of 787287578?
2, 7, 11, 17, 300721
List the prime factors of 1220494871.
2297, 531343
List the prime factors of 65381419.
163, 401113
List the prime factors of 29650585.
5, 41, 53, 2729
What are the prime factors of 74675536?
2, 13, 359017
List the prime factors of 5521142968.
2, 11, 19, 3302119
What are the prime factors of 91374792?
2, 3, 761, 5003
List the prime factors of 40415168.
2, 631487
List the prime factors of 20350317.
3, 13, 211, 2473
What are the prime factors of 460842678?
2, 3, 61, 419711
List the prime factors of 9128568814.
2, 43, 191, 555739
What are the prime factors of 1820022799?
7, 173, 1502909
What are the prime factors of 11021280?
2, 3, 5, 22961
What are the prime factors of 305903072?
2, 47, 203393
What are the prime factors of 39238548?
2, 3, 263, 12433
List the prime factors of 35114630.
2, 5, 31, 227, 499
List the prime factors of 185385801.
3, 61795267
What are the prime factors of 169101858?
2, 3, 557, 50599
List the prime factors of 609096273.
3, 359, 565549
List the prime factors of 30754537.
11, 487, 5741
List the prime factors of 179475474.
2, 3, 29912579
List the prime factors of 103866684.
2, 3, 1489, 5813
List the prime factors of 92430240.
2, 3, 5, 7, 27509
List the prime factors of 111394253.
31, 41, 87643
List the prime factors of 183199171.
3677, 49823
List the prime factors of 177937509.
3, 59312503
List the prime factors of 5891428.
2, 1472857
What are the prime factors of 49442828?
2, 12360707
What are the prime factors of 96498872?
2, 19, 634861
List the prime factors of 35395123.
35395123
List the prime factors of 336712950.
2, 3, 5, 7, 37, 107
List the prime factors of 1485058005.
3, 5, 89, 370801
What are the prime factors of 116128487?
67, 101, 131
List the prime factors of 83332337.
11, 688697
What are the prime factors of 254751661?
317, 691, 1163
List the prime factors of 57759465.
3, 5, 257, 14983
What are the prime factors of 341778886?
2, 1049, 162907
List the prime factors of 3844107.
3, 73, 5851
List the prime factors of 59388292.
2, 1607, 9239
List the prime factors of 864082661.
13, 66467897
List the prime factors of 4769218.
2, 2384609
What are the prime factors of 31945716?
2, 3, 11, 80671
What are the prime factors of 521003632?
2, 4951, 6577
List the prime factors of 448149661.
37, 257, 47129
List the prime factors of 689830867.
11, 3001, 20897
List the prime factors of 703936487.
21839, 32233
What are the prime factors of 23719090?
2, 5, 53, 44753
List the prime factors of 30857712.
2, 3, 642869
List the prime factors of 59914910.
2, 5, 11, 43, 53, 239
What are the prime factors of 55376239?
5171, 10709
What are the prime factors of 28841824?
2, 11, 81937
List the prime factors of 33356933.
89, 374797
List the prime factors of 7219099300.
2, 5, 7, 17, 83, 7309
What are the prime factors of 771476114?
2, 19, 97, 209299
List the prime factors of 1755869623.
1755869623
What are the prime factors of 623996132?
2, 29, 5379277
What are the prime factors of 563369559?
3, 181, 293, 3541
What are the prime factors of 406391248?
2, 25399453
List the prime factors of 277224339.
3, 7, 13201159
List the prime factors of 444567345.
3, 5, 23, 107, 12043
List the prime factors of 885621540.
2, 3, 5, 19, 776861
What are the prime factors of 881420570?
2, 5, 97, 227, 4003
List the prime factors of 980942495.
5, 13, 15091423
List the prime factors of 1701734655.
3, 5, 79, 1436063
What are the prime factors of 30997070?
2, 5, 13, 238439
List the prime factors of 69765259.
69765259
What are the prime factors of 529240670?
2, 5, 7, 1080083
List the prime factors of 738484782.
2, 3, 7, 23, 109211
List the prime factors of 236723143.
29, 991, 8237
List the prime factors of 46064052.
2, 3, 15797
What are the prime factors of 115950823?
115950823
List the prime factors of 871773785.
5, 29, 31, 193943
What are the prime factors of 20694300?
2, 3, 5, 11, 6271
List the prime factors of 127161432.
2, 3, 563, 3137
List the prime factors of 606236026.
2, 11, 27556183
List the prime factors of 75444382.
2, 13, 2901707
What are the prime factors of 31848932?
2, 7962233
What are the prime factors of 71675599?
71675599
List the prime factors of 185254051.
185254051
List the prime factors of 138808772.
2, 23, 179, 8429
What are the prime factors of 143367281?
31, 113, 40927
List the prime factors of 4781553901.
29, 3331, 49499
What are the prime factors of 964644700?
2, 5, 131, 73637
What are the prime factors of 146949775?
5, 7, 17137
What are the prime factors of 1160519954?
2, 11, 79, 60703
What are the prime factors of 3015242438?
2, 13, 181, 449, 1427
What are the prime factors of 756404311?
13, 149, 390503
List the prime factors of 246813250.
2, 5, 271, 3643
What are the prime factors of 53452947?
3, 17, 19, 55163
List the prime factors of 31480151.
67, 641, 733
What are the prime factors of 557078683?
7, 773, 102953
List the prime factors of 27574542.
2, 3, 103, 107, 139
What are the prime factors of 5258053816?
2, 71, 1933, 4789
List the prime factors of 40517723.
40517723
What are the prime factors of 1600076623?
163, 283, 34687
List the prime factors of 306045866.
2, 7, 17, 23, 163
What are the prime factors of 545621757?
3, 1873, 97103
What are the prime factors of 24741127?
983, 25169
List the prime factors of 318557744.
2, 19909859
List the prime factors of 62174261.
62174261
List the prime factors of 184985630.
2, 5, 18498563
What are the prime factors of 796570440?
2, 3, 5, 19, 349373
List the prime factors of 87414090.
2, 3, 5, 2913803
What are the prime factors of 284194331?
15187, 18713
List the prime factors of 28858373.
97, 297509
What are the prime factors of 47621150?
2, 5, 952423
What are the prime factors of 543643863?
3, 7, 677, 38239
List the prime factors of 901343333.
11, 81940303
List the prime factors of 7257257956.
2, 13, 139562653
List the prime factors of 395046622.
2, 197523311
List the prime factors of 1733513179.
1733513179
List the prime factors of 625886097.
3, 23, 9070813
List the prime factors of 39862543.
7, 5694649
List the prime factors of 1111690252.
2, 2069, 134327
List the prime factors of 31512438.
2, 3, 23, 103, 739
What are the prime factors of 15658347?
3, 29, 179981
What are the prime factors of 4508308510?
2, 5, 83, 5431697
List the prime factors of 3844899728.
2, 59, 4072987
List the prime factors of 59088621.
3, 241, 81727
What are the prime factors of 108841954?
2, 13, 97, 103, 419
List the prime factors of 190166949.
3, 7, 29, 104087
List the prime factors of 4166099113.
11, 277, 1367279
List the prime factors of 4242291286.
2, 31, 68424053
What are the prime factors of 217698181?
19, 11457799
List the prime factors of 83379925.
5, 31, 271, 397
What are the prime factors of 215468216?
2, 3181, 8467
What are the prime factors of 102174920?
2, 5, 163, 15671
What are the prime factors of 113558156?
2, 199, 331, 431
List the prime factors of 466182255.
3, 5, 7, 11, 403621
What are the prime factors of 207375659?
23, 953, 9461
What are the prime factors of 76311772?
2, 109, 181, 967
What are the prime factors of 22278930?
2, 3, 5, 509, 1459
List the prime factors of 1573436571.
3, 7, 74925551
What are the prime factors of 34939153?
61, 419, 1367
What are the prime factors of 116570165?
5, 37, 191, 3299
List the prime factors of 97032955.
5, 751, 25841
What are the prime factors of 185605812?
2, 3